Let u(p) = -p**2 + p + 1. Let z(k) = 5*k**2 - 6*k - 8. Let x(i) = -4*u(i) - z(i). Give x(3).
1
Let z(h) = 4*h - 8. Let c(k) = 9*k - 16. Let g(x) = -6*c(x) + 13*z(x). Calculate g(-6).
4
Suppose -5*l + 13*l - 56 = 0. Let s(x) = -x**2 + 7*x + 10. Give s(l).
10
Let f be (10/(-6))/(1/(-3)). Suppose 2*k - d - f = 0, -2*d - 11 = -3*k - 3. Let y(v) = 6 + k*v + v**2 + 0*v - v. Determine y(0).
6
Let r(h) = 3*h + 9. Let t be -6*(2 - (70/(-15))/(-7)). Calculate r(t).
-15
Let b(s) = -6*s. Let t(v) = v. Let k(o) = b(o) + 8*t(o). Give k(-2).
-4
Let s(k) = -14*k**3 - 12 + 23 - 10. What is s(1)?
-13
Let r(l) = 5*l + 6. Let n(s) = -5*s - 5. Let i(f) = 5*n(f) + 4*r(f). Calculate i(-1).
4
Suppose 3*h = 0, -10*h + 6*h = -2*j - 6. Let c(i) = -6*i + 2*i - i**2 + 3*i. Determine c(j).
-6
Let k = -5 + 8. Let u be ((-3)/(-9))/(1/k). Let s(i) = -i**2 - 3*i + 10*i**2 + 2*i. What is s(u)?
8
Let u(s) = 4 - 7*s**2 + 3*s - 5 - s**3 + 4*s**2 + 2*s. Give u(-4).
-5
Suppose 18 = -2*c - c. Let u(y) be the third derivative of y**6/120 + 7*y**5/60 + y**4/4 + y**3/3 - y**2. Let h be u(c). Let d(w) = -w**3 + w. Determine d(h).
-6
Let x(s) = -14*s**3 + 18*s**2 - 5*s - 23. Let c(u) = 5*u**3 - 6*u**2 + 2*u + 8. Let k(t) = -11*c(t) - 4*x(t). Let v be (-854)/(-140) + (-1)/10. Determine k(v).
-8
Suppose -4 = 5*z - 34. Let y = -3 + z. Let l(d) = d**y + 1 - 3*d**2 + 3 + 5*d - 2*d**2. Give l(4).
8
Let d(c) be the second derivative of c**4/12 - 2*c**3/3 + c**2/2 + 10*c. Give d(4).
1
Let h(v) be the first derivative of -5*v**2/2 + v + 4. Suppose -3*r - r = -32. Suppose 5*k + 2*m = 10, 4*k = 5*m - 0 + r. Calculate h(k).
-9
Let s(u) = -u + 15. Let r be s(15). Let c(x) = -x - 4. Give c(r).
-4
Let z(y) = -7*y**3 - 4*y**2 + 6*y + 4. Let r(l) = -6*l**3 - 4*l**2 + 6*l + 4. Let c be 6/4*(-70)/(-21). Let j(o) = c*z(o) - 6*r(o). Determine j(-5).
1
Let x(a) be the first derivative of -a**4/4 + 5*a**3/3 + 3*a**2 - 4*a - 8. Let u(j) = -j**3 - j**2 + 5*j + 3. Let s be u(-3). What is x(s)?
-4
Suppose 0 = -4*f - 4 + 16. Let d(s) = -s**3 + 2*s**2 + 0*s**2 + 3*s**2 - 5*s - s + f. Calculate d(4).
-5
Let s(d) = d**2 + 6*d + 5. Let m = 3 - 5. Let l be (-3 + 6 + m)*4. Suppose -3*k - 19 = -l. Give s(k).
0
Let l(q) be the first derivative of -q**2/2 - 9*q - 22. What is l(7)?
-16
Let f(o) = o - 5. Let w(j) = -2. Let p(s) = f(s) + w(s). Calculate p(0).
-7
Let m(j) = 2*j - 9*j + 23 - 54 - j**2 + 28. Determine m(-8).
-11
Suppose -59*i = -56*i. Let y(n) = -4*n**2 + 4*n**3 + n + 6 - 2 + 0*n. Let x(h) = 5*h**3 - 5*h**2 + h + 4. Let t(o) = -5*x(o) + 6*y(o). Give t(i).
4
Let l(n) be the second derivative of n**5/20 - 5*n**4/12 - 5*n**3/6 - n**2/2 - 10*n. Calculate l(5).
-26
Let d(f) = f**3 + 4*f**2 + 3*f + 4. Suppose -a + 15 = -4*m - 4*a, 0 = 3*m + a + 10. Let n be d(m). Let q(z) = z**2 + n*z - z + z + 3. Give q(-5).
8
Let c(k) be the second derivative of -k**6/120 + k**4/24 - k**3/6 + 2*k**2 + 2*k. Let p(s) be the first derivative of c(s). Give p(0).
-1
Let i = -21 - -20. Let g(l) = -2*l + l + 0*l. What is g(i)?
1
Let w(b) = 4 - b**2 - b - 4. Let v(z) = 6*z**2 + 3*z - 4. Let j(a) = -4*a - 27. Let s be j(-8). Let l(x) = s*w(x) + v(x). Calculate l(3).
-1
Let t(a) = -3*a**3 + 3*a**2 - 5*a + 1. Suppose -b + 2*p - 2 = 0, 5*b - 3*p - 2*p = 0. Let r(x) = -x**3 + x**2 - x. Let z(d) = b*t(d) - 9*r(d). Determine z(2).
12
Let i(c) be the third derivative of c**6/60 + c**5/15 - c**4/24 - c**3/6 + 46*c**2. Calculate i(-3).
-16
Let q = -3 - -5. Let t(l) = l**3 - 4*l**2 + 2*l + 2. Calculate t(q).
-2
Let u(r) = r**3 - r**2 + r - 8. Let o(p) = -p + 4. Let x be o(6). Let s be 0/(-1 + 4/x). Calculate u(s).
-8
Let x(v) be the first derivative of v**2/2 + v + 1. Let m be x(2). Let a be m/6*(-12)/2. Let t(b) = -b. What is t(a)?
3
Let b = 6 - 1. Let h(x) = -4*x + 3 + 37*x**2 - 5*x**2 - x**3 - 16*x**2 - 10*x**2. What is h(b)?
8
Let s(n) be the first derivative of 1/4*n**4 + 1/2*n**2 + 0*n - 2 + 2/3*n**3. What is s(-1)?
0
Suppose -3*m - 13 = -1. Let g(q) = -5*q + 11. Let v(r) = 3 + 0 + 4*r - 15 + 2*r. Let o(l) = -7*g(l) - 6*v(l). Calculate o(m).
-1
Let u(r) be the first derivative of -r**6/360 + r**5/30 + r**4/8 + r**3 - 3. Let l(n) be the third derivative of u(n). Calculate l(3).
6
Let v(q) = 34*q**2 + 10*q + 7. Let j(l) = 23*l**2 + 7*l + 5. Let g(h) = -7*j(h) + 5*v(h). What is g(1)?
10
Let n(j) be the third derivative of j**6/20 - j**5/60 + j**4/24 + 4*j**2. Determine n(1).
6
Let k(x) = -x - 4. Suppose -9*s + 4*s - 30 = 0. Determine k(s).
2
Let r(t) = -13*t. Let s be 40/(-18) - (-2)/9. Let y(q) = -3*q. Let b(x) = s*r(x) + 9*y(x). Calculate b(2).
-2
Let w(t) = -t**2 + 8*t - t + 0*t + 9 + t. Let p(n) = -4*n**2 + 24*n + 28. Let z(b) = 2*p(b) - 7*w(b). Calculate z(-7).
0
Let p(w) be the third derivative of -w**6/120 + w**5/10 - 5*w**4/24 - 5*w**3/6 - 13*w**2. Calculate p(5).
-5
Let l(f) = -f + 1. Suppose 3*t - 4*t - 2*k = 0, 5*t - 48 = 2*k. What is l(t)?
-7
Let g(n) = -n + 2. Let k(b) = -4*b + 6. Let z(t) = -7*g(t) + 2*k(t). Let v = -4 + 9. Determine z(v).
-7
Let d(u) = -u**2 - 7*u + 9. Suppose 9*i - 12*i - 57 = 0. Let o = i + 11. Give d(o).
1
Let f(p) = 1. Let j(u) = 5*u**2 + 6*u + 7. Let m(y) = -14*y**2 - 18*y - 20. Let d(s) = 11*j(s) + 4*m(s). Let l(k) = d(k) - 2*f(k). What is l(-6)?
-5
Let y(u) = -2*u - 3. Let a(p) = p**3 + 4*p**2 - 6*p - 6. Let r be a(-5). Let i be r/(2*(-2)/40). Let b = 6 - i. Give y(b).
5
Let f = 10 + -6. Let x(k) = k**3 + k + 2 - f*k**2 + 1 - 1. Calculate x(3).
-4
Let k(j) = 3*j**3 + j - 1. Let n be k(1). Let x(q) = q + n*q - 2*q. Suppose 3*u + 0*u = 3*l - 21, -l = u + 1. Calculate x(l).
6
Let w(m) = -40 + 3*m - 3*m + 52 - m. Calculate w(0).
12
Let y(x) = -x - 1. Let o be (1 + 0)*(-10 - -4). Calculate y(o).
5
Let j(g) = 2*g**2 - 29*g + 42. Let d be j(13). Let r(s) = -s + 1. Let n be r(-3). Let q(v) = -v + 0*v + n*v + 2. Determine q(d).
11
Let l(o) = 3*o**3 + 6*o**2 - o + 6. Let z(a) = -2*a**3 - 3*a**2 + a - 3. Let v(i) = 3*l(i) + 5*z(i). Calculate v(4).
-5
Let z(n) = 32*n**2 - 33*n**2 + 1 - 6*n - 4. Let q be 1/4 + (-300)/(-16). Let u = 13 - q. Determine z(u).
-3
Let r(j) = -j**3 + 4*j**2 - j. Let u(x) = x**3 - 3*x**2 + x + 1. Let z(l) = -3*r(l) - 4*u(l). Determine z(0).
-4
Let z(c) = c**2 + 4*c - 5. Let v be (-2 - -1) + 11/1. Let t = -14 + v. Determine z(t).
-5
Let w = -1 + 1. Let f(l) = l - 1. Let h(p) = -p**3 + p**2 - 6*p + 5. Let v(t) = 6*f(t) + h(t). Calculate v(w).
-1
Suppose -5 = 5*f - 30. Let b(r) = -r + 10. Let g be b(6). Let k(a) = -a - 2 + 2*a - g. What is k(f)?
-1
Suppose 20 = -5*z + 2*g - 6, 0 = 2*z - 2*g + 14. Let p be (3 + 15/(-3))/(-1). Let n(x) = 4*x - 2*x - 3 + 2*x + 2 + x**p. Give n(z).
-1
Let r(t) = -t**2 + 4*t + 5. Let q be r(4). Let u = q + -6. Let y(h) = -h**2 - 5*h**3 + 3*h**2 - 1 + h**3. What is y(u)?
5
Let q(d) = 6*d + 21. Let c(x) = -3*x - 10. Let h(f) = -7*c(f) - 3*q(f). What is h(-7)?
-14
Let b(g) be the first derivative of g**4/4 - 3*g**3 + 5*g**2 - 10*g - 38. Calculate b(8).
6
Let r(k) be the first derivative of -k**6/360 + k**5/30 - k**4/6 - k**3 + 2. Let t(b) be the third derivative of r(b). Calculate t(3).
-1
Let z(d) = -d**3 - 5*d**2 + d - 2. Let i = 4 - 10. Let c(w) = w + 1. Let b be c(i). Determine z(b).
-7
Let k(q) = q**3 - 8*q**2 + 3. Suppose 13 = 2*c + d, 2*d - 18 = -3*c - 0*d. Determine k(c).
3
Suppose -p - 2*b + b = 33, -3*b = 9. Let v = p + 25. Let q(o) = -o**3 - 6*o**2 - 5*o - 3. What is q(v)?
-3
Let w(u) = -11*u**3 - 14*u**2 + 11*u + 9. Let b(o) = -7*o**3 - 9*o**2 + 7*o + 6. Let p(c) = -c + 5. Let n be p(0). Let q(s) = n*w(s) - 8*b(s). Determine q(-3).
-9
Suppose 0 = -3*r + 5*z + 12 - 3, 12 = 4*r - 2*z. Let f(j) = r*j - 7*j + 2 + 3*j. Calculate f(6).
-4
Let i(h) = -h**3 - 3*h**2 - h + 1. Let s = -21 - -18. Determine i(s).
4
Suppose 0 = j - 26 - 1. Suppose -g + 4*h = 18, -3*g + 2*g - 5*h + j = 0. Let p(c) = -2*c + 0*c - 3 + 4*c - c**2. What is p(g)?
-3
Suppose 5*m = g + 11, 0 = -2*m - 4*g - 7 + 29. Let z(n) = 2*n + 1. Give z(m).
7
Let b = 29 - 29. Let z(g) be the third derivative of 3*g**2 + 2/3*g**3 + b*g + 1/30*g**5 + 1/120*g**6 - 1/24*g**4 + 0. Calculate z(-3).
-2
Let r(f) = f**3 + 6*f**2 + 7*f - 2. Suppose 4*k + 12 = -8. What is r(k)?
-12
Let f(m) = m - 8. Let p(s) = -s**3 + 3*s**2 + 7*s - 6. Let w be p(4). Let b be f(w). Let h(i) = i**2 + 5*i + 1. Determine h(b).
-5
Let h(z) =